
1
Let v be -5*(-1)/(-5)*5. Let y(o) = -o**3 - 4*o**2 + o + 8. What is the tens digit of y(v)?
2
Let a = 65400 + -38258. What is the ten thousands digit of a?
2
Let b(s) = -s**3 - 24*s**2 + 23*s + 54. Let c be b(-26). Let i = 302 + c. Suppose -14*m = -i - 1494. What is the units digit of m?
6
Let v be 2/3 + (-8)/(-6) - 7. Let x(u) = -u**3 - 3*u**2 - 3*u - 10. Let j be x(v). Suppose 0 = m - 154 + j. What is the units digit of m?
9
Let r(k) = 9*k**2 - 63*k + 8. Let p = 224 - 215. What is the tens digit of r(p)?
7
Let x be (288/(-84) + (-9)/(-21))*(-87)/3. Suppose -3*d - 309 - 3 = 0. Let q = x - d. What is the units digit of q?
1
Let r(j) = -73*j**3 + j**2 + j. Let u be (-1 - (-20)/15)/((-1)/3). Let m be r(u). Let i = m - 27. What is the tens digit of i?
4
What is the hundreds digit of 14*15/1155 - ((-134601)/33 - 2)?
0
Let h(g) = 154*g + 2417. What is the hundreds digit of h(-6)?
4
Let a(b) = -b. Let x be a(-11). Suppose x*u - 14*u = -108. Suppose -3*r + 282 = -u. What is the units digit of r?
6
Suppose 4*h - 2*f - 77586 = 0, 72*f + 3 = 69*f. What is the hundreds digit of h?
3
Let z(x) = 29*x**2 - 3*x + 2. Suppose -9*s = -11 + 2. Let d be z(s). What is the units digit of 2 - (-3 - d - 0)?
3
Let m be ((-549)/(-6))/(6/8). Let q = -240 + 253. Suppose -q*s = -14*s + m. What is the units digit of s?
2
Suppose -1653 = 4*n + t, -4*t - 16 = 4. Let y = 45 - n. What is the units digit of y?
7
Suppose -2*q = -3*a - 143, 2*q + a = -3*q + 315. Let b = -64 + q. Suppose b = -2*r - x + 242, 246 = 2*r - 0*r + 3*x. What is the hundreds digit of r?
1
Let r = -211 + 367. Suppose 5*m - r - 1069 = 0. What is the hundreds digit of m?
2
Suppose -3*b + 2*z = -27, -5*b + 16*z = 17*z - 45. What is the tens digit of b/((-9)/(-388)) - 3?
8
Let f(m) be the second derivative of -17*m**5/20 - m**4/12 - 11*m**3/6 + m**2/2 - 60*m - 2. What is the thousands digit of f(-4)?
1
Let m(f) = -773*f - 1191. What is the ten thousands digit of m(-38)?
2
Suppose 0 = -459*r + 16072239 + 2826627. What is the units digit of r?
4
Let x be (-4 - -5)*-2*-10. Suppose -q + 135 = 3*w - 124, -x = 4*q. What is the tens digit of w?
8
Suppose -10*l = -17*l - 119. Let o = l + 22. Suppose -3*j + o*z - z + 40 = 0, 3*j - 39 = 3*z. What is the units digit of j?
2
Let q(f) = -10*f - 16. Let u be ((-2)/4)/(5/(-40)). Suppose -u*j - 40 = 4*v, -3*v + 3*j - 1 - 5 = 0. What is the units digit of q(v)?
4
Let c be -4 + (14 - (-3 - 1)). Let s(k) = 54*k + 39. Let m be s(c). Suppose -2*y + 7*y = -5*l + m, -l + 3*y + 159 = 0. What is the tens digit of l?
5
Suppose -37*t + 45*t - 2360 = 0. Let y = 30 + t. What is the hundreds digit of y?
3
Let f be (3 - -1)/(3/84). Suppose 91 = h - f. What is the hundreds digit of h?
2
Let g = -534 + 538. Let t(q) = 11*q**2 - 3*q + 11. What is the tens digit of t(g)?
7
Suppose 3*r - 25584 = -5*l - 5824, -l = -r + 6600. What is the hundreds digit of r?
5
Let i be 51 - 4/(-8)*-2. Let c(t) = 49*t**2 - 3*t + 1. Let a be c(1). Let d = i - a. What is the units digit of d?
3
Suppose 10349 + 47 + 29852 = 2*u. What is the ten thousands digit of u?
2
Suppose 0 = b - 86 + 14. Let o = -124 - b. Let h = o - -305. What is the hundreds digit of h?
1
Suppose 104 = -112*q + 113*q. Let b = q + 181. What is the units digit of b?
5
Let w(g) = -14*g - 1. Let n be ((-105)/(-6))/7*-44. Let q be (-3 + 1)/(5/(n/(-4))). What is the units digit of w(q)?
3
Let c(y) = y**2 - 2*y - 9. Let v = 77 + -73. Let w be c(v). What is the hundreds digit of -1 + w/(-4) + (-2095)/(-20)?
1
Suppose 5*w - 60 = -3*m, 0 = 5*w - 0*w - 5*m - 20. Suppose -w*p + 115 = -38. Let v(o) = 2*o + 14. What is the units digit of v(p)?
8
Suppose 5*j - 9 - 16 = 0, x - 10475 = -5*j. What is the tens digit of x?
5
Suppose 2018444 - 948127 = 42*f - 2652731. What is the units digit of f?
4
Suppose -1005 = 30*u - 27*u. Let f = 252 - u. What is the tens digit of f?
8
What is the thousands digit of (16/(-6))/(3/(-47682))?
2
Let l = -33 + 35. Suppose 7*f - 1404 = 3*f - 3*q, f = -l*q + 356. What is the tens digit of 1/((-692)/f - -2)?
8
Let w(a) = a**2 - 179*a - 279. What is the ten thousands digit of w(-76)?
1
Let w = -47 - -56. Let g(a) = -2*a**2 + 17*a + 9. Let v be g(w). Suppose -9*y + 1305 = -v*y. What is the hundreds digit of y?
1
What is the ten thousands digit of (-27)/15 - 1306344/(-130)?
1
Let s(y) = -45*y**3 - 4*y**2 + 45*y + 146. What is the tens digit of s(-6)?
5
What is the hundreds digit of ((-1414777)/(-147))/(7/63)?
6
Let y(a) = -329*a + 7202. What is the thousands digit of y(15)?
2
Let w be ((-2)/(30/(-51)) + -3)*5. Suppose -j = -4*p + w, -4*j + 3*p = p - 6. Suppose -48 = -d - 5*k, 5*d = j*k - 0*k + 159. What is the tens digit of d?
3
Let o be (-170)/(-51)*(-3)/(-2). Suppose -2612 = -3*d + o*p, -5*d - 6*p + p = -4380. What is the hundreds digit of d?
8
Let p = 359 - 352. Let n(y) = y**3 + 3*y**2 + 2*y - 7. What is the hundreds digit of n(p)?
4
Let n = -11332 - -19196. What is the units digit of n?
4
Suppose 25 = 5*o, -4*j + 8*o - 6*o + 40622 = 0. What is the ten thousands digit of j?
1
Let o be (-2 + 5/2)/((-20)/(-280)). Suppose 15*v - 7440 = o*v. What is the tens digit of v?
3
Suppose 3*h + 4*m = -525, 5*m + 46 = h + 221. Let k = 598 + h. What is the units digit of k?
3
Let d = -87 - -91. Let f(j) = 19*j**2 - 8*j + 12. Let u be f(d). Suppose -5*m + 979 = u. What is the tens digit of m?
3
Suppose -702576 = -109*o + 41*o - 34*o. What is the units digit of o?
8
Let a(w) = -w - 27. Let u(r) = -2*r + 9 + r - 36. Let p(o) = 6*a(o) - 7*u(o). What is the tens digit of p(13)?
4
Suppose -2*c - 4*m = 14, -4*c - 32*m = -27*m + 19. What is the units digit of (-4 - 21/(-2))*(-12)/c?
8
Let h(a) = 6777*a**2 + 28*a + 3. What is the units digit of h(-1)?
2
Suppose -8*t - 84738 = -2*v, 0 = 64*v - 67*v + 2*t + 127047. What is the thousands digit of v?
2
Suppose 4*r + 214 = -5*l, r + 211 = 31*l - 36*l. Let o(v) = -4*v + 8. Let j be o(8). Let q = j - l. What is the tens digit of q?
1
Suppose -15*r + 71624 = 24*i - 13*r, 0 = 3*r - 12. What is the thousands digit of i?
2
Let f = 3498 + -1502. Let q = f - -185. What is the units digit of -1 + 5/6 - q/(-18)?
1
Suppose 3*p = 15, 5*p - 127 = -4*d - 78. Let l = 6 + 4. Suppose l*i = d*i + 600. What is the tens digit of i?
5
Suppose 4*w + 57 = -3*p + 2*p, p - 4*w = -49. Let u = p + 39. Let t = u + 30. What is the units digit of t?
6
Let l(o) = 839*o + 5591. What is the ten thousands digit of l(9)?
1
Let w(d) = 75*d**3 + 18*d**2 - 63*d + 39. What is the units digit of w(6)?
9
Suppose 1016038 = 66*t - 208460. What is the thousands digit of t?
8
Suppose 10*q = 8*q - 2*m + 58, 2*q - 2*m - 38 = 0. Let o = 100 - q. What is the tens digit of o?
7
Suppose -2*z + 3*n + 284 + 113 = 0, 0 = -3*z + 2*n + 583. Suppose -5*d + d - 504 = 0. Let k = z + d. What is the units digit of k?
5
Let s(a) = 5*a**2 + 2*a + 1. Let i be s(-1). Let x(u) = 17*u**2 - 8*u**2 + u + 1 - 5*u**2 + i*u**2. What is the tens digit of x(-2)?
3
Suppose 2*g = s + 1, 3*g + 2*s + 1 = -1. Suppose -4*h + 682 + 126 = g. Let y = -118 + h. What is the tens digit of y?
8
What is the tens digit of ((-595224)/(-90))/(30/75)?
3
Suppose -3743 = 2*a - 14131. Suppose -11*u = -a - 933. What is the hundreds digit of u?
5
Let c(a) = 15*a**2 + 7*a - 18. What is the tens digit of c(18)?
6
Suppose -6*t = 50 - 80. Suppose 4115 = 3*n + t*l, 0 = 5*n - 29*l + 27*l - 6817. What is the hundreds digit of n?
3
Let m be (3/(-2))/((-48)/(-57856)). Let k be m/(-12)*6/(-4). What is the tens digit of k/(-5) + 0 + (-3)/15?
4
What is the hundreds digit of (-1709*144/16)/(-1)?
3
Let l(m) = 172*m**2 + 12*m - 26. Let f be l(2). Suppose -2*u - 242 = -4*n - f, -3*n = -6. What is the units digit of u?
6
Let y = 53 - 33. Let v be (2 - -3 - 1) + y. What is the tens digit of ((-16)/v)/((-6)/171)?
1
Let v = -137 + 141. What is the hundreds digit of 92*v/(-4)*(-14)/4?
3
Let d be -12*(18/21)/(8/(-378)). Let n(r) = r**2 + r - 337. Let f be n(0). Let m = f + d. What is the units digit of m?
9
Let f = 169 + -167. Suppose 5*t - 56 - 164 = -5*a, f*t - 82 = 4*a. What is the tens digit of t?
4
Let q(f) = -f - 112. Let b be q(-6). Let n = 474 + b. What is the hundreds digit of n?
3
Suppose -4*h + 2329 = 4*n - 139, 5*n + h - 3109 = 0. What is the tens digit of n?
2
Let h be (1584/(-20))/((-4)/(-20)). Let p = 893